isor of 8586224 and 48?
16
Calculate the greatest common factor of 143227 and 5664071.
259
What is the greatest common factor of 156 and 390804?
12
Calculate the greatest common divisor of 331 and 17893529.
331
Calculate the greatest common divisor of 42163506 and 1575.
63
Calculate the greatest common divisor of 20425875 and 1125.
375
What is the highest common factor of 3 and 11096133?
3
What is the greatest common divisor of 1 and 48221627?
1
What is the greatest common divisor of 162945 and 727515?
2295
Calculate the highest common factor of 1395 and 3692100.
465
What is the greatest common divisor of 1200 and 7067175?
75
What is the greatest common divisor of 9027 and 19600626?
3009
What is the greatest common factor of 112286 and 8899886?
4882
Calculate the highest common divisor of 482626 and 6.
2
What is the highest common divisor of 55 and 1410933810?
55
Calculate the greatest common divisor of 6049040 and 880.
80
What is the greatest common divisor of 640641 and 136002?
3579
Calculate the highest common factor of 6286 and 6328798.
14
Calculate the highest common factor of 33877 and 154231283.
1783
What is the greatest common divisor of 6 and 124517637?
3
What is the greatest common factor of 402280 and 800?
40
What is the greatest common divisor of 118075 and 154400?
25
Calculate the highest common factor of 675 and 832725.
225
Calculate the highest common factor of 3495300 and 660.
60
Calculate the highest common factor of 4986 and 278662000.
554
What is the highest common factor of 3825492 and 176268?
4764
Calculate the highest common factor of 63237232 and 64.
16
What is the greatest common factor of 32819 and 34283437?
887
Calculate the highest common divisor of 1198338720 and 480.
480
Calculate the highest common divisor of 16836484 and 174600.
388
Calculate the greatest common factor of 1574548717 and 679.
679
What is the highest common divisor of 342440550 and 10?
10
Calculate the greatest common factor of 7294661 and 16687.
407
What is the highest common factor of 58550312 and 1496?
136
Calculate the greatest common factor of 2934412 and 234.
26
Calculate the highest common factor of 5468742 and 1044.
18
What is the highest common divisor of 371260373 and 1793?
1793
Calculate the highest common factor of 10863825 and 16800.
525
Calculate the highest common divisor of 88451603 and 141.
47
What is the greatest common factor of 63433 and 138223?
277
Calculate the greatest common divisor of 606633 and 750936.
1401
What is the highest common divisor of 20 and 5789780?
20
Calculate the greatest common divisor of 60901214 and 22.
22
What is the highest common factor of 27 and 169969?
1
What is the greatest common divisor of 1248006 and 342?
6
What is the highest common divisor of 364877 and 565?
113
Calculate the highest common divisor of 10332 and 4240179.
369
What is the highest common divisor of 184 and 12096183?
23
What is the highest common factor of 1974 and 65083438?
658
Calculate the greatest common factor of 2601240 and 16.
8
Calculate the greatest common factor of 828578 and 119806.
74
Calculate the highest common divisor of 887 and 267625640.
887
What is the greatest common factor of 32850 and 620?
10
What is the greatest common divisor of 44 and 22786709?
11
What is the greatest common divisor of 3050979323 and 7?
7
What is the highest common divisor of 1350 and 23464950?
150
What is the greatest common factor of 193312 and 44800?
224
Calculate the highest common factor of 71647 and 89.
1
What is the highest common divisor of 321 and 48832339?
107
Calculate the highest common factor of 33 and 491280.
3
What is the highest common factor of 48 and 102152568?
24
What is the greatest common divisor of 420 and 287203980?
420
Calculate the highest common factor of 1655349 and 24592.
1537
What is the greatest common factor of 480010 and 27830?
230
What is the greatest common divisor of 28467 and 24437338?
3163
Calculate the greatest common divisor of 53518363 and 17.
17
What is the highest common factor of 35309 and 3461421?
1139
What is the greatest common factor of 562167200 and 490?
490
Calculate the highest common factor of 14788157 and 48352.
1511
Calculate the greatest common divisor of 343704954 and 6.
6
Calculate the highest common divisor of 12818 and 5395624.
754
Calculate the greatest common factor of 9583 and 61753.
37
Calculate the highest common divisor of 2442 and 972471.
111
Calculate the greatest common factor of 643427 and 981.
109
Calculate the greatest common factor of 322458 and 82904.
482
What is the highest common factor of 318416867 and 4322?
2161
Calculate the highest common factor of 1179758944 and 48.
16
Calculate the highest common divisor of 156 and 55900.
52
What is the greatest common factor of 141037 and 13247?
13
What is the highest common factor of 3178 and 1587184?
454
What is the greatest common factor of 40063468 and 1441?
131
What is the greatest common divisor of 275 and 4623256?
11
What is the greatest common divisor of 6861946 and 4662?
518
What is the highest common divisor of 120 and 10157190?
30
What is the highest common factor of 12 and 528612828?
12
What is the highest common divisor of 9028493 and 4383?
487
What is the highest common factor of 14868 and 138740742?
7434
What is the greatest common divisor of 49 and 335160833?
49
What is the greatest common divisor of 566 and 5289553?
283
What is the highest common divisor of 312 and 1494363?
39
Calculate the highest common divisor of 2335719 and 253.
23
What is the greatest common factor of 353704 and 4864?
152
Calculate the highest common divisor of 400754 and 185780.
2654
Calculate the highest common factor of 21 and 92525811.
21
Calculate the highest common factor of 18 and 124368378.
6
Calculate the highest common factor of 32949 and 738391797.
4707
What is the highest common divisor of 902 and 3620017346?
902
Calculate the highest common factor of 1051809 and 39.
3
What is the highest common divisor of 136959256 and 238?
14
Calculate the greatest common divisor of 305251 and 223957.
797
Calculate the greatest common factor of 9 and 1110639.
3
Calculate the greatest common factor of 912 and 228798.
114
What is the greatest common divisor of 122880 and 8205?
15
Calculate the highest common divisor of 8744199 and 1121.
19
Calculate the greatest common divisor of 11585486 and 873.
97
What is the greatest common divisor of 83080 and 450740?
620
Calculate the greatest common factor of 3688 and 2919974.
922
What is the highest common divisor of 878596414 and 508?
254
What is the highest common divisor of 19563583 and 4199?
221
Calculate the highest common factor of 259 and 11673463.
37
Calculate the highest common divisor of 126 and 11688243.
21
What is the greatest common divisor of 405 and 4303395?
135
What is the greatest common divisor of 5699 and 5276037317?
5699
Calculate the highest common factor of 234 and 79656096.
78
What is the greatest common factor of 171535000 and 112?
56
Calculate the greatest common divisor of 82 and 172702.
2
What is the highest common divisor of 3188 and 8729541?
797
What is the highest common factor of 4573 and 4097?
17
What is the greatest common factor of 6256 and 482816?
368
What is the highest common factor of 175 and 24277925?
175
What is the highest common divisor of 12526125 and 225?
75
What is the greatest common factor of 637978 and 9306?
1034
What is the greatest common divisor of 11466 and 631062?
18
What is the greatest common divisor of 746681 and 1121?
19
What is the highest common divisor of 1684848 and 240?
48
Calculate the greatest common divisor of 9493878 and 410.
82
Calculate the greatest common factor of 34 and 606113937.
17
What is the highest common factor of 16857404 and 85?
17
Calculate the highest common divisor of 7056 and 250848.
144
What is the highest common divisor of 5165643 and 420?
21
What is the highest common divisor of 202 and 77838?
2
Calculate the greatest common divisor of 31280 and 13936.
16
What is the greatest common divisor of 23517 and 2830750?
871
What is the greatest common divisor of 59891220 and 40?
20
What is the greatest common factor of 943475 and 5525?
325
Calculate the greatest common factor of 357924 and 651336.
84
What is the highest comm